899 + 86221. What are the prime factors of r?
2, 5, 31
Suppose 19 = 2*f + g, -6 - 3 = -2*f + g. Suppose -f*a = -12*a + 1370. List the prime factors of a.
2, 137
Suppose -67*d - 68402 = -90*d. List the prime factors of d.
2, 1487
What are the prime factors of (-422484)/(-133) + (-21)/(-49)?
3, 353
Suppose 52 = 9*p + 16. What are the prime factors of p - -60*2/1?
2, 31
Let i(w) = w**3 - 4. Let a be i(2). Let t = -5 - -7. Suppose -p = -t, a*p = -5*h - 52 + 170. What are the prime factors of h?
2, 11
Suppose -w + 557 = -3*r, -2*w + 1122 = 2*r + 40. Let b = w + -365. What are the prime factors of b?
2, 3, 5
Let y = 407 - 197. Let v = -120 + y. What are the prime factors of v?
2, 3, 5
Suppose -3*v + o - 37 = 0, v = 5*v + 4*o + 44. List the prime factors of -2 + ((-5)/(-4) - 4)*v.
31
Let b(n) = -2*n**2 + 10*n - 15. Let j be b(7). Let y = -37 - j. List the prime factors of y.
2, 3
Let k(z) = 2*z**2 - 17*z + 57. What are the prime factors of k(17)?
2, 173
Let s(y) = 10*y + 101. What are the prime factors of s(12)?
13, 17
Suppose -2*n = o + 2*o - 83, n - 29 = -o. Let z = o - -25. What are the prime factors of 5/(z/(-8))*-40?
2
Let w = -106 + 108. Suppose 3*u - r = 288, -2*u + w*r - 6*r + 192 = 0. List the prime factors of u.
2, 3
Let g be 160/15 + 2/6. Let w = 63 - g. Suppose w = 4*l - 96. What are the prime factors of l?
37
What are the prime factors of (-2 + 1008)*(-5 - -6)?
2, 503
Suppose -h + 11 - 5 = 0. Let s be 2/(-3) + h/9. Suppose 5*r - 125 = -s*r. List the prime factors of r.
5
Suppose 31 - 34 = -u. Suppose u*s - 394 = 5. List the prime factors of s.
7, 19
Suppose -2*h - 2*m = -0*h - 68, h + 4*m - 40 = 0. List the prime factors of h.
2
Suppose -52*w - 34*w = -102942. What are the prime factors of w?
3, 7, 19
Let t(y) = -y**2 + 3*y - 10. Let n be t(-10). Let i be ((-12)/10)/(14/n). Let s(o) = o**2 - 8*o - 16. List the prime factors of s(i).
2
Suppose -132 = -0*v - 3*v. Let u = v - 41. List the prime factors of u.
3
Suppose 0 = 13*m - 1758 - 16182. What are the prime factors of m?
2, 3, 5, 23
Let w = 1 - 5. Let p(t) = -5*t**2 + 4*t. Let a be p(w). What are the prime factors of (-4)/(-10) - a/10?
2, 5
Suppose 3*y + y - 3*f = 9, 5*y = -3*f + 45. Let c be 69/9 + 2/y. List the prime factors of (62/c)/((-2)/(-8)).
31
Let l(n) = -n**3 + 9*n**2. Suppose -5*f = k - 2*f - 6, -2*f = -k + 11. Let g be l(k). Suppose c + 5 - 8 = g. What are the prime factors of c?
3
Let g = -1149 + 1995. List the prime factors of g.
2, 3, 47
Suppose 25*f - 1737 = 21913. What are the prime factors of f?
2, 11, 43
Let r(l) = l**3 - 5*l**2 + 5*l + 4. Let k be r(6). Let c = -126 - -85. Let o = k + c. What are the prime factors of o?
29
Let u(q) = -q + 6. Let g be u(4). Suppose -g*s + 3 + 10 = 3*v, 11 = 3*v + s. Suppose -v*k - 2*k = -55. List the prime factors of k.
11
List the prime factors of (-36)/(7 - 3) - -6484.
5, 7, 37
Let g(b) be the second derivative of 53*b**3/6 - 5*b**2 - 8*b. What are the prime factors of g(1)?
43
Let k(g) = -g**3 + 10*g**2 + 15*g + 9. Let v be k(12). Let d = 379 + v. What are the prime factors of d?
2, 5, 7
Suppose 0 = 5*x - 16 - 9. What are the prime factors of (2/(-2))/(x/(-1135) + 0)?
227
Suppose 9 + 288 = 3*z. Suppose 4*j - z = 61. What are the prime factors of j?
2, 5
Let c(i) = 5 + 8 + 7*i - 12*i. List the prime factors of c(-9).
2, 29
Let i(r) = r**3 - 8*r**2 - 23*r - 31. What are the prime factors of i(14)?
823
Let m = -1951 + 3623. What are the prime factors of m?
2, 11, 19
Suppose 11*l + 2 = 12*l. Suppose -4*c = -5*u + 698, u = -0*u + l*c + 142. List the prime factors of u.
2, 3, 23
Let s(d) = -3*d - 10. Let h(t) = t + 1. Let y(m) = 4*h(m) + s(m). Let l be y(8). What are the prime factors of 163/11 - l/(-11)?
3, 5
Let q be (159/9)/(2 - 33/18). Suppose 240 = -4*l - 4*m, -l = 5*m - 2*m + 56. Let t = l + q. List the prime factors of t.
2, 11
Let o(m) = 37*m**2 - 12*m - 45. List the prime factors of o(-4).
5, 7, 17
Let i(p) be the third derivative of p**6/60 - p**5/20 + p**4/8 - p**3/3 - 13*p**2. Let k be i(2). Suppose k*y - 12*y = -148. What are the prime factors of y?
37
Let g = 5199 - 232. What are the prime factors of g?
4967
Let d(r) = r**3 + 11*r**2 + 6*r + 15. Suppose c + 5 + 5 = 0. What are the prime factors of d(c)?
5, 11
Let b = 21 - 20. Let s(r) = 2*r - 2. Let i be s(3). Suppose -i*j = b - 21. List the prime factors of j.
5
Let q = 62 + -25. Suppose -q = -a - 2*k, -3*k - 18 = -3*a + 66. Let j = 51 - a. List the prime factors of j.
2, 5
Let o = 10 - 6. Suppose -5*d + 18 = -k, -2*k = -0*k - 2*d - o. Let s(b) = b**2 - 2*b - 6. What are the prime factors of s(k)?
29
Suppose 0*w = 12*w - 300. Suppose w*d = 20*d + 190. List the prime factors of d.
2, 19
Let d(m) = -m**3 + 3735. What are the prime factors of d(0)?
3, 5, 83
Suppose -99*o + 103*o - 1768 = 0. List the prime factors of o.
2, 13, 17
Suppose f - 7 + 6 = 0. Let v(y) = -9*y + 1. Let c(x) = 9*x - 2. Let t(r) = -2*c(r) - 3*v(r). List the prime factors of t(f).
2, 5
Let x(w) = 20*w - 65. Let y be x(15). Suppose -i + 263 = 3*l, -2*i + y = -l - 284. List the prime factors of i.
2, 5, 13
List the prime factors of 0/(-7) + 4 - (-1978)/2.
3, 331
Let g(p) = 10*p**2 - 20*p - 5. Let x be g(-9). Suppose 5*a = 5*m - x, -3 = a - 7. What are the prime factors of m?
3, 67
List the prime factors of (-5452)/(-4) - (8 + -7).
2, 3, 227
Suppose 0 = 510*t - 529*t + 2052. What are the prime factors of t?
2, 3
Suppose 11*v + 40*v - 28815 = 0. What are the prime factors of v?
5, 113
Suppose -3*y + 22 - 28 = 0. What are the prime factors of (5 + 11)/((-1)/y)?
2
Let s(q) = 3*q**2 + 153*q - 5. What are the prime factors of s(-52)?
151
Suppose 0 = -3*y - y + 168. Let k = 67 - y. What are the prime factors of k?
5
Suppose 0 = -2*n + 18*h - 14*h + 2108, -h + 5259 = 5*n. List the prime factors of n.
2, 263
Suppose x = -4*a + 393, -13 = 5*a + 2*x - 502. Let g = 179 - a. What are the prime factors of g?
2, 5
Let u(s) = 1268*s**2 - 7*s - 7. What are the prime factors of u(-1)?
2, 317
Let m = -3 - -39. Let v = 38 - m. List the prime factors of v.
2
Suppose 6 + 0 = 2*o. Suppose 0 = d - o*z - 36, 5*z = -d + 4*d - 88. Let t = d + 15. List the prime factors of t.
2, 3
Suppose -5*s + 2*s - 2*i = -2, -2*i = -s - 2. Suppose s = -2*p + h + 248, 5*h - 4*h = -3*p + 382. List the prime factors of p.
2, 3, 7
What are the prime factors of 9/((-108)/11984)*6/(-4)?
2, 7, 107
Let b = 6 - -1. Suppose -4*i + i = 3*m - 3, m + 3*i + b = 0. Suppose -2*d = d - 15, m*z - d - 85 = 0. What are the prime factors of z?
2, 3
Let h(b) = -b**2 - 6*b - 8. Let w be h(-5). What are the prime factors of w/(27/6)*-15?
2, 5
Let f be (-2*2 - -1)/(-1). Suppose f*l = 8*l - 55. Suppose -5*u - 2*h = -l, 9 = u - 6*h + 3*h. List the prime factors of u.
3
Suppose 2348 = 13*t + 398. List the prime factors of t.
2, 3, 5
Suppose 4*c - 234 = 78. Suppose 0 = 5*b + g + 3*g - c, -g + 16 = b. Let t = 27 - b. What are the prime factors of t?
13
Let r = -3 - -3. Let q = r + 5. What are the prime factors of (q/20)/((-3)/(-300))?
5
Let v(a) = a**3 + 7*a**2 + 7*a + 6. Let y be v(-5). Let c = y - 14. What are the prime factors of c?
7
Let l be 27/(-6)*(-24)/9. Let f(b) = -b**2 + 15*b + 14. Let i be f(l). Let y = i - 20. What are the prime factors of y?
2, 3, 5
What are the prime factors of 2675 - 164 - (-10 - -1)?
2, 3, 5, 7
Suppose i + 3*i - l = 184, i = 2*l + 39. Suppose -4*u + i = -45. List the prime factors of u.
23
Suppose -34 = -d - 3*j - 2*j, 0 = -d + 2*j + 48. Suppose -4*k = 3*t - 60, -2*k - 3*t = 2*t - d. List the prime factors of k.
2, 3
Let x(h) = 2*h - 6. Let d be x(3). Suppose 2*v + s - 159 = d, 54 + 347 = 5*v - s. What are the prime factors of v?
2, 5
Let m be 0 - (-1)/((-2)/4). Suppose -j + 3*j = -4*q - 132, 3*q = -5*j - 330. List the prime factors of m*(j/4 + 1).
31
Let y = -22 + 14. Let x = -5 - -3. List the prime factors of x*4*28/y.
2, 7
Let c be (7/2 - 3)*240. Suppose 2*i + i = c. Suppose 2*t + i = 7*t. What are the prime factors of t?
2
Let p be (-5)/(-2)*80/100. Let h(y) = 3*y**3 - 2*y**2 - 2*y + 3. What are the prime factors of h(p)?
3, 5
Suppose 10*a = 20618 + 3252. List the prime factors of a.
7, 11, 31
List the prime factors of (48/(-24) - 9/(-2))*18.
3, 5
Let y = 242 + -36. List the prime factors of y.
2, 103
Let o = -43 + 65. Suppose -16*k = 